{"id":52,"date":"2024-10-09T19:09:59","date_gmt":"2024-10-09T18:09:59","guid":{"rendered":"http:\/\/halldor.eu\/?page_id=52"},"modified":"2026-03-13T08:55:27","modified_gmt":"2026-03-13T07:55:27","slug":"kunnskap","status":"publish","type":"page","link":"https:\/\/halldor.eu\/?page_id=52","title":{"rendered":"Kompetanse"},"content":{"rendered":"\n<p>Utenfor den akademiske kunnskap fra universitet har jeg l\u00e6rt meg en rekke som jeg syns er v\u00e6rt \u00e5 nevne.<\/p>\n\n\n\n<details class=\"wp-block-details is-layout-flow wp-block-details-is-layout-flow\"><summary>F\u00f8rerkort<\/summary>\n<p>Jeg har f\u00f8lgende klasser i f\u00f8rerkortet mitt:<\/p>\n\n\n\n<p><strong>AM<\/strong>: Moped<br><strong>A1<\/strong>: Lett motorsykkel<br><strong>A2<\/strong>: Mellomtung motorsykkel<br><strong>A<\/strong>: Tung motorsykkel<br><strong>B<\/strong>: Personbil<br><strong>BE<\/strong>: Personbil med tilhenger<br><strong>S<\/strong>: Sn\u00f8scooter<br><strong>T<\/strong>: Traktor (ubegrenset)<br><\/p>\n<\/details>\n\n\n\n<details class=\"wp-block-details is-layout-flow wp-block-details-is-layout-flow\"><summary>AutoCad<\/summary>\n<p>Jeg begynte \u00e5 bruke AutoCad for lang tid siden. Faren min som ogs\u00e5 er en Bygningskonstrukt\u00f8r brukte AutoCad utgave 14 f\u00f8r de siste \u00e5rtusen og der fikk jeg min f\u00f8rste opplevelse av programvaren. Jeg ble god nok til \u00e5 hjelpe ham med tegninger og senere i 2007 fikk jeg jobb som teknisk tegner hos Vektor ehf som er en arkitektfirma. Der brukte jeg AutoCad daglig i den tiden jeg jobbet der.<\/p>\n<\/details>\n\n\n\n<details class=\"wp-block-details is-layout-flow wp-block-details-is-layout-flow\"><summary>Revit<\/summary>\n<p>Jeg begynte f\u00f8rst \u00e5 bruke Revit n\u00e5r jeg studerte til Bygningskonstrukt\u00f8r ved Reykjavik Universitet. Vi brukte Revit til alle v\u00e5re tegningsoppgaver og det ble brukt mye. Min erfaring med Revit som et BIM- og tegneprogram har v\u00e6rt positiv.<\/p>\n<\/details>\n\n\n\n<details class=\"wp-block-details is-layout-flow wp-block-details-is-layout-flow\"><summary>Bricscad BIM<\/summary>\n<p>N\u00e5r Autodesk begynte med abonnement av sine programvarer isteden for kj\u00f8p begynte jeg \u00e5 s\u00f8ke et alternativ. Jeg fant Bricscad som er veldig lik AutoCad men med noen endringer som jeg liker. Bricscad kan ogs\u00e5 brukes som BIM program og st\u00f8tter 3D modeller som man kan enkelt overf\u00f8re til 2D tegninger likesom Revit. Det beste er at man kan kj\u00f8pe programmet uten abonnement.<\/p>\n<\/details>\n\n\n\n<details class=\"wp-block-details is-layout-flow wp-block-details-is-layout-flow\"><summary>Blender<\/summary>\n<p>Blender er et 3D program som er gratis men veldig mektig. N\u00e5r jeg jobbet hos Ark2 ehf arkitektkontor s\u00e5 hadde de kun tilgang til Bricscad lite (uten 3D). Jeg brukte Blender til visualisering av prosjektet v\u00e5r og det ble veldig greit.<br><br>N\u00e5r jeg har hatt tilgang til et BIM program hvor man modeller i 3D likevel s\u00e5 har jeg ikke trengt Blender men brukt Twinmotion eller Enscape sammen med BIM programmet for visualisering.<\/p>\n<\/details>\n\n\n\n<details class=\"wp-block-details is-layout-flow wp-block-details-is-layout-flow\"><summary>Twinmotion \/ Enscape<\/summary>\n<p>Til at f\u00e5 fram en pen 3D presentasjon av bygningen har jeg brukt Twinmotion eller Enscape sammen med det valgte BIM programvare. I mitt tilfelle har det v\u00e6rt sammen med Revit og Bricscad BIM. Jeg bruker ogs\u00e5 Twinmotion \/ Enscape underveis til \u00e5 visualisere bedre hva jeg tegner til \u00e5 se hvis det funker som jeg tenkte. <\/p>\n<\/details>\n\n\n\n<ul class=\"wp-block-list\">\n<li>Microsoft Office, LibreOffice\n<ul class=\"wp-block-list\">\n<li>MS Excel, LibreOffice Calc<br>Jeg har som exampel laget regneark til \u00e5 regne vannb\u00e5ren gulvarme. Ogs\u00e5 en &#8220;interactive&#8221; regneark til \u00e5 regne U verdier av vegger, tak og gulv. Den giver ogs\u00e5 fukt- og temperaturverdier gjennom elementene.<\/li>\n\n\n\n<li>MS Word, LibreOffice Writer<\/li>\n\n\n\n<li>MS Powerpoint, LibreOffice Impress<\/li>\n<\/ul>\n<\/li>\n\n\n\n<li>Presentasjon\n<ul class=\"wp-block-list\">\n<li>Affinity<\/li>\n\n\n\n<li>Jeg kan ogs\u00e5 bruke Adobe programvarer som Photoshop men siden jeg liker Affinity s\u00e5 bruker jeg den hvis jeg kan. En fordel er at Affinity er n\u00e5 gratis.<\/li>\n<\/ul>\n<\/li>\n<\/ul>\n","protected":false},"excerpt":{"rendered":"<p>Utenfor den akademiske kunnskap fra universitet har jeg l\u00e6rt meg en rekke som jeg syns er v\u00e6rt \u00e5 nevne.<\/p>\n","protected":false},"author":1,"featured_media":0,"parent":0,"menu_order":0,"comment_status":"closed","ping_status":"closed","template":"","meta":{"_monsterinsights_skip_tracking":false,"_monsterinsights_sitenote_active":false,"_monsterinsights_sitenote_note":"","_monsterinsights_sitenote_category":0,"footnotes":""},"class_list":["post-52","page","type-page","status-publish","hentry"],"_links":{"self":[{"href":"https:\/\/halldor.eu\/index.php?rest_route=\/wp\/v2\/pages\/52","targetHints":{"allow":["GET"]}}],"collection":[{"href":"https:\/\/halldor.eu\/index.php?rest_route=\/wp\/v2\/pages"}],"about":[{"href":"https:\/\/halldor.eu\/index.php?rest_route=\/wp\/v2\/types\/page"}],"author":[{"embeddable":true,"href":"https:\/\/halldor.eu\/index.php?rest_route=\/wp\/v2\/users\/1"}],"replies":[{"embeddable":true,"href":"https:\/\/halldor.eu\/index.php?rest_route=%2Fwp%2Fv2%2Fcomments&post=52"}],"version-history":[{"count":18,"href":"https:\/\/halldor.eu\/index.php?rest_route=\/wp\/v2\/pages\/52\/revisions"}],"predecessor-version":[{"id":270,"href":"https:\/\/halldor.eu\/index.php?rest_route=\/wp\/v2\/pages\/52\/revisions\/270"}],"wp:attachment":[{"href":"https:\/\/halldor.eu\/index.php?rest_route=%2Fwp%2Fv2%2Fmedia&parent=52"}],"curies":[{"name":"wp","href":"https:\/\/api.w.org\/{rel}","templated":true}]}}